{"id":100,"date":"2017-08-12T18:42:00","date_gmt":"2017-08-12T18:42:00","guid":{"rendered":"http:\/\/demo.acmethemes.com\/medical-circle\/?page_id=65"},"modified":"2022-08-10T20:21:40","modified_gmt":"2022-08-10T18:21:40","slug":"histoire-de-lecole","status":"publish","type":"page","link":"http:\/\/os22decembar.edu.rs\/?page_id=100","title":{"rendered":"Histoire de l&#8217;\u00e9cole"},"content":{"rendered":"<p>Donja Trep\u010da est situ\u00e9 dans la val\u00e9e de Morava d&#8217;ouest, sur les pentes des monts Vujan, Bukovik et Ostrica \u00e0 lointain de 14 kilom\u00e8tres de \u010ca\u010dak. La colonisation de ce terrain commen\u00e7ait \u00e0 XVIIIe si\u00e8cle. Jusqu&#8217; \u00e0 1897. les parents qui d\u00e9siraient faire \u00e9tudier leurs enfants, devaient les inscrire \u00e0 l&#8217;\u00e9cole \u00e0 Mojsinje, parce que \u00e0 Donja Trep\u010da il n&#8217;y avait pas d&#8217;\u00e9cole.<\/p>\n<p>Les citoyens de ce lieu d\u00e9siraient avoir sa propre \u00e9cole et on a \u00e9t\u00e9 ouverte \u00e0 Donja Trep\u010da en 1897. D&#8217;abord cette nouvel \u00e9cole travaillait dans le b\u00e2timent priv\u00e9, mais en 1912. on a \u00e9t\u00e9 fond\u00e9e l&#8217;\u00e9cole sur le fonds achet\u00e9 de Bo\u017eidar Gojkovi\u0107.<\/p>\n<p>En 1969. l&#8217;\u00e9cole a \u00e9t\u00e9 nomm\u00e9e d&#8217;apr\u00e8s la date de la lib\u00e9ration et ce nom porte aussi aujourd&#8217;hui &#8211; L&#8217;\u00e9cole primaire \u201cLe 22. d\u00e9cembre \u201e. L&#8217;\u00e9cole a deux sections s\u00e9par\u00e9es \u00e0 Gornja Trep\u010da et \u00e0 Stan\u010di\u0107i. C&#8217;est l&#8217; \u00e9cole compos\u00e9e de quatre classes o\u00f9 l&#8217;on effectue l&#8217;enseignement dans les sections combin\u00e9es de deux classes.<\/p>\n\n\n<p><\/p>\n","protected":false},"excerpt":{"rendered":"<p>Donja Trep\u010da est situ\u00e9 dans la val\u00e9e de Morava d&#8217;ouest, sur les pentes des monts Vujan, Bukovik et Ostrica \u00e0 lointain de 14 kilom\u00e8tres de \u010ca\u010dak. La colonisation de ce terrain commen\u00e7ait \u00e0 XVIIIe si\u00e8cle. Jusqu&#8217; \u00e0 1897. les parents qui d\u00e9siraient faire \u00e9tudier leurs enfants, devaient les inscrire \u00e0 l&#8217;\u00e9cole \u00e0 Mojsinje, parce que&hellip;<\/p>\n","protected":false},"author":1,"featured_media":0,"parent":0,"menu_order":0,"comment_status":"closed","ping_status":"closed","template":"","meta":{"footnotes":""},"yoast_head":"<!-- This site is optimized with the Yoast SEO plugin v23.5 - https:\/\/yoast.com\/wordpress\/plugins\/seo\/ -->\n<title>Histoire de l&#039;\u00e9cole - \u041e\u0428 \u201e22. \u0434\u0435\u0446\u0435\u043c\u0431\u0430\u0440&quot;<\/title>\n<meta name=\"robots\" content=\"index, follow, max-snippet:-1, max-image-preview:large, max-video-preview:-1\" \/>\n<link rel=\"canonical\" href=\"http:\/\/os22decembar.edu.rs\/?page_id=100\" \/>\n<meta property=\"og:locale\" content=\"sr_RS\" \/>\n<meta property=\"og:type\" content=\"article\" \/>\n<meta property=\"og:title\" content=\"Histoire de l&#039;\u00e9cole - \u041e\u0428 \u201e22. \u0434\u0435\u0446\u0435\u043c\u0431\u0430\u0440&quot;\" \/>\n<meta property=\"og:description\" content=\"Donja Trep\u010da est situ\u00e9 dans la val\u00e9e de Morava d&#8217;ouest, sur les pentes des monts Vujan, Bukovik et Ostrica \u00e0 lointain de 14 kilom\u00e8tres de \u010ca\u010dak. La colonisation de ce terrain commen\u00e7ait \u00e0 XVIIIe si\u00e8cle. Jusqu&#8217; \u00e0 1897. les parents qui d\u00e9siraient faire \u00e9tudier leurs enfants, devaient les inscrire \u00e0 l&#8217;\u00e9cole \u00e0 Mojsinje, parce que&hellip;\" \/>\n<meta property=\"og:url\" content=\"http:\/\/os22decembar.edu.rs\/?page_id=100\" \/>\n<meta property=\"og:site_name\" content=\"\u041e\u0428 \u201e22. \u0434\u0435\u0446\u0435\u043c\u0431\u0430\u0440&quot;\" \/>\n<meta property=\"article:modified_time\" content=\"2022-08-10T18:21:40+00:00\" \/>\n<meta name=\"twitter:card\" content=\"summary_large_image\" \/>\n<meta name=\"twitter:label1\" content=\"\u041f\u0440\u043e\u0446\u0435\u045a\u0435\u043d\u043e \u0432\u0440\u0435\u043c\u0435 \u0447\u0438\u0442\u0430\u045a\u0430\" \/>\n\t<meta name=\"twitter:data1\" content=\"1 \u043c\u0438\u043d\u0443\u0442\" \/>\n<script type=\"application\/ld+json\" class=\"yoast-schema-graph\">{\"@context\":\"https:\/\/schema.org\",\"@graph\":[{\"@type\":\"WebPage\",\"@id\":\"http:\/\/os22decembar.edu.rs\/?page_id=100\",\"url\":\"http:\/\/os22decembar.edu.rs\/?page_id=100\",\"name\":\"Histoire de l'\u00e9cole - \u041e\u0428 \u201e22. \u0434\u0435\u0446\u0435\u043c\u0431\u0430\u0440&quot;\",\"isPartOf\":{\"@id\":\"https:\/\/os22decembar.edu.rs\/#website\"},\"datePublished\":\"2017-08-12T18:42:00+00:00\",\"dateModified\":\"2022-08-10T18:21:40+00:00\",\"breadcrumb\":{\"@id\":\"http:\/\/os22decembar.edu.rs\/?page_id=100#breadcrumb\"},\"inLanguage\":\"sr-RS\",\"potentialAction\":[{\"@type\":\"ReadAction\",\"target\":[\"http:\/\/os22decembar.edu.rs\/?page_id=100\"]}]},{\"@type\":\"BreadcrumbList\",\"@id\":\"http:\/\/os22decembar.edu.rs\/?page_id=100#breadcrumb\",\"itemListElement\":[{\"@type\":\"ListItem\",\"position\":1,\"name\":\"\u041f\u043e\u0447\u0435\u0442\u043d\u0430\",\"item\":\"https:\/\/os22decembar.edu.rs\/\"},{\"@type\":\"ListItem\",\"position\":2,\"name\":\"Histoire de l&#8217;\u00e9cole\"}]},{\"@type\":\"WebSite\",\"@id\":\"https:\/\/os22decembar.edu.rs\/#website\",\"url\":\"https:\/\/os22decembar.edu.rs\/\",\"name\":\"\u041e\u0428 \u201e22. \u0434\u0435\u0446\u0435\u043c\u0431\u0430\u0440&quot;\",\"description\":\"\u0414\u043e\u045a\u0430 \u0422\u0440\u0435\u043f\u0447\u0430\",\"publisher\":{\"@id\":\"https:\/\/os22decembar.edu.rs\/#organization\"},\"potentialAction\":[{\"@type\":\"SearchAction\",\"target\":{\"@type\":\"EntryPoint\",\"urlTemplate\":\"https:\/\/os22decembar.edu.rs\/?s={search_term_string}\"},\"query-input\":{\"@type\":\"PropertyValueSpecification\",\"valueRequired\":true,\"valueName\":\"search_term_string\"}}],\"inLanguage\":\"sr-RS\"},{\"@type\":\"Organization\",\"@id\":\"https:\/\/os22decembar.edu.rs\/#organization\",\"name\":\"\u041e\u0428 22. \u0434\u0435\u0446\u0435\u043c\u0431\u0430\u0440\",\"url\":\"https:\/\/os22decembar.edu.rs\/\",\"logo\":{\"@type\":\"ImageObject\",\"inLanguage\":\"sr-RS\",\"@id\":\"https:\/\/os22decembar.edu.rs\/#\/schema\/logo\/image\/\",\"url\":\"http:\/\/os22decembar.edu.rs\/wp-content\/uploads\/2022\/05\/logo2-copy.jpg\",\"contentUrl\":\"http:\/\/os22decembar.edu.rs\/wp-content\/uploads\/2022\/05\/logo2-copy.jpg\",\"width\":404,\"height\":122,\"caption\":\"\u041e\u0428 22. \u0434\u0435\u0446\u0435\u043c\u0431\u0430\u0440\"},\"image\":{\"@id\":\"https:\/\/os22decembar.edu.rs\/#\/schema\/logo\/image\/\"}}]}<\/script>\n<!-- \/ Yoast SEO plugin. -->","yoast_head_json":{"title":"Histoire de l'\u00e9cole - \u041e\u0428 \u201e22. \u0434\u0435\u0446\u0435\u043c\u0431\u0430\u0440&quot;","robots":{"index":"index","follow":"follow","max-snippet":"max-snippet:-1","max-image-preview":"max-image-preview:large","max-video-preview":"max-video-preview:-1"},"canonical":"http:\/\/os22decembar.edu.rs\/?page_id=100","og_locale":"sr_RS","og_type":"article","og_title":"Histoire de l'\u00e9cole - \u041e\u0428 \u201e22. \u0434\u0435\u0446\u0435\u043c\u0431\u0430\u0440&quot;","og_description":"Donja Trep\u010da est situ\u00e9 dans la val\u00e9e de Morava d&#8217;ouest, sur les pentes des monts Vujan, Bukovik et Ostrica \u00e0 lointain de 14 kilom\u00e8tres de \u010ca\u010dak. La colonisation de ce terrain commen\u00e7ait \u00e0 XVIIIe si\u00e8cle. Jusqu&#8217; \u00e0 1897. les parents qui d\u00e9siraient faire \u00e9tudier leurs enfants, devaient les inscrire \u00e0 l&#8217;\u00e9cole \u00e0 Mojsinje, parce que&hellip;","og_url":"http:\/\/os22decembar.edu.rs\/?page_id=100","og_site_name":"\u041e\u0428 \u201e22. \u0434\u0435\u0446\u0435\u043c\u0431\u0430\u0440&quot;","article_modified_time":"2022-08-10T18:21:40+00:00","twitter_card":"summary_large_image","twitter_misc":{"\u041f\u0440\u043e\u0446\u0435\u045a\u0435\u043d\u043e \u0432\u0440\u0435\u043c\u0435 \u0447\u0438\u0442\u0430\u045a\u0430":"1 \u043c\u0438\u043d\u0443\u0442"},"schema":{"@context":"https:\/\/schema.org","@graph":[{"@type":"WebPage","@id":"http:\/\/os22decembar.edu.rs\/?page_id=100","url":"http:\/\/os22decembar.edu.rs\/?page_id=100","name":"Histoire de l'\u00e9cole - \u041e\u0428 \u201e22. \u0434\u0435\u0446\u0435\u043c\u0431\u0430\u0440&quot;","isPartOf":{"@id":"https:\/\/os22decembar.edu.rs\/#website"},"datePublished":"2017-08-12T18:42:00+00:00","dateModified":"2022-08-10T18:21:40+00:00","breadcrumb":{"@id":"http:\/\/os22decembar.edu.rs\/?page_id=100#breadcrumb"},"inLanguage":"sr-RS","potentialAction":[{"@type":"ReadAction","target":["http:\/\/os22decembar.edu.rs\/?page_id=100"]}]},{"@type":"BreadcrumbList","@id":"http:\/\/os22decembar.edu.rs\/?page_id=100#breadcrumb","itemListElement":[{"@type":"ListItem","position":1,"name":"\u041f\u043e\u0447\u0435\u0442\u043d\u0430","item":"https:\/\/os22decembar.edu.rs\/"},{"@type":"ListItem","position":2,"name":"Histoire de l&#8217;\u00e9cole"}]},{"@type":"WebSite","@id":"https:\/\/os22decembar.edu.rs\/#website","url":"https:\/\/os22decembar.edu.rs\/","name":"\u041e\u0428 \u201e22. \u0434\u0435\u0446\u0435\u043c\u0431\u0430\u0440&quot;","description":"\u0414\u043e\u045a\u0430 \u0422\u0440\u0435\u043f\u0447\u0430","publisher":{"@id":"https:\/\/os22decembar.edu.rs\/#organization"},"potentialAction":[{"@type":"SearchAction","target":{"@type":"EntryPoint","urlTemplate":"https:\/\/os22decembar.edu.rs\/?s={search_term_string}"},"query-input":{"@type":"PropertyValueSpecification","valueRequired":true,"valueName":"search_term_string"}}],"inLanguage":"sr-RS"},{"@type":"Organization","@id":"https:\/\/os22decembar.edu.rs\/#organization","name":"\u041e\u0428 22. \u0434\u0435\u0446\u0435\u043c\u0431\u0430\u0440","url":"https:\/\/os22decembar.edu.rs\/","logo":{"@type":"ImageObject","inLanguage":"sr-RS","@id":"https:\/\/os22decembar.edu.rs\/#\/schema\/logo\/image\/","url":"http:\/\/os22decembar.edu.rs\/wp-content\/uploads\/2022\/05\/logo2-copy.jpg","contentUrl":"http:\/\/os22decembar.edu.rs\/wp-content\/uploads\/2022\/05\/logo2-copy.jpg","width":404,"height":122,"caption":"\u041e\u0428 22. \u0434\u0435\u0446\u0435\u043c\u0431\u0430\u0440"},"image":{"@id":"https:\/\/os22decembar.edu.rs\/#\/schema\/logo\/image\/"}}]}},"_links":{"self":[{"href":"http:\/\/os22decembar.edu.rs\/index.php?rest_route=\/wp\/v2\/pages\/100"}],"collection":[{"href":"http:\/\/os22decembar.edu.rs\/index.php?rest_route=\/wp\/v2\/pages"}],"about":[{"href":"http:\/\/os22decembar.edu.rs\/index.php?rest_route=\/wp\/v2\/types\/page"}],"author":[{"embeddable":true,"href":"http:\/\/os22decembar.edu.rs\/index.php?rest_route=\/wp\/v2\/users\/1"}],"replies":[{"embeddable":true,"href":"http:\/\/os22decembar.edu.rs\/index.php?rest_route=%2Fwp%2Fv2%2Fcomments&post=100"}],"version-history":[{"count":5,"href":"http:\/\/os22decembar.edu.rs\/index.php?rest_route=\/wp\/v2\/pages\/100\/revisions"}],"predecessor-version":[{"id":771,"href":"http:\/\/os22decembar.edu.rs\/index.php?rest_route=\/wp\/v2\/pages\/100\/revisions\/771"}],"wp:attachment":[{"href":"http:\/\/os22decembar.edu.rs\/index.php?rest_route=%2Fwp%2Fv2%2Fmedia&parent=100"}],"curies":[{"name":"wp","href":"https:\/\/api.w.org\/{rel}","templated":true}]}}

Histoire de l&#8217;école

<p>Donja Trepča est situé dans la valée de Morava d&#8217;ouest, sur les pentes des monts Vujan, Bukovik et Ostrica à lointain de 14 kilomètres de Čačak. La colonisation de ce terrain commençait à XVIIIe siècle. Jusqu&#8217; à 1897. les parents qui désiraient faire étudier leurs enfants, devaient les inscrire à l&#8217;école à Mojsinje, parce que à Donja Trepča il n&#8217;y avait pas d&#8217;école.</p>
<p>Les citoyens de ce lieu désiraient avoir sa propre école et on a été ouverte à Donja Trepča en 1897. D&#8217;abord cette nouvel école travaillait dans le bâtiment privé, mais en 1912. on a été fondée l&#8217;école sur le fonds acheté de Božidar Gojković.</p>
<p>En 1969. l&#8217;école a été nommée d&#8217;après la date de la libération et ce nom porte aussi aujourd&#8217;hui &#8211; L&#8217;école primaire “Le 22. décembre „. L&#8217;école a deux sections séparées à Gornja Trepča et à Stančići. C&#8217;est l&#8217; école composée de quatre classes où l&#8217;on effectue l&#8217;enseignement dans les sections combinées de deux classes.</p>


<p></p>

<p>Donja Trepča est situé dans la valée de Morava d&#8217;ouest, sur les pentes des monts Vujan, Bukovik et Ostrica à lointain de 14 kilomètres de Čačak. La colonisation de ce terrain commençait à XVIIIe siècle. Jusqu&#8217; à 1897. les parents qui désiraient faire étudier leurs enfants, devaient les inscrire à l&#8217;école à Mojsinje, parce que&hellip;</p>

<!-- This site is optimized with the Yoast SEO plugin v23.5 - https://yoast.com/wordpress/plugins/seo/ -->
<title>Histoire de l&#039;école - ОШ „22. децембар&quot;</title>
<meta name="robots" content="index, follow, max-snippet:-1, max-image-preview:large, max-video-preview:-1" />
<link rel="canonical" href="http://os22decembar.edu.rs/?page_id=100" />
<meta property="og:locale" content="sr_RS" />
<meta property="og:type" content="article" />
<meta property="og:title" content="Histoire de l&#039;école - ОШ „22. децембар&quot;" />
<meta property="og:description" content="Donja Trepča est situé dans la valée de Morava d&#8217;ouest, sur les pentes des monts Vujan, Bukovik et Ostrica à lointain de 14 kilomètres de Čačak. La colonisation de ce terrain commençait à XVIIIe siècle. Jusqu&#8217; à 1897. les parents qui désiraient faire étudier leurs enfants, devaient les inscrire à l&#8217;école à Mojsinje, parce que&hellip;" />
<meta property="og:url" content="http://os22decembar.edu.rs/?page_id=100" />
<meta property="og:site_name" content="ОШ „22. децембар&quot;" />
<meta property="article:modified_time" content="2022-08-10T18:21:40+00:00" />
<meta name="twitter:card" content="summary_large_image" />
<meta name="twitter:label1" content="Процењено време читања" />
	<meta name="twitter:data1" content="1 минут" />
<script type="application/ld+json" class="yoast-schema-graph">{"@context":"https://schema.org","@graph":[{"@type":"WebPage","@id":"http://os22decembar.edu.rs/?page_id=100","url":"http://os22decembar.edu.rs/?page_id=100","name":"Histoire de l'école - ОШ „22. децембар&quot;","isPartOf":{"@id":"https://os22decembar.edu.rs/#website"},"datePublished":"2017-08-12T18:42:00+00:00","dateModified":"2022-08-10T18:21:40+00:00","breadcrumb":{"@id":"http://os22decembar.edu.rs/?page_id=100#breadcrumb"},"inLanguage":"sr-RS","potentialAction":[{"@type":"ReadAction","target":["http://os22decembar.edu.rs/?page_id=100"]}]},{"@type":"BreadcrumbList","@id":"http://os22decembar.edu.rs/?page_id=100#breadcrumb","itemListElement":[{"@type":"ListItem","position":1,"name":"Почетна","item":"https://os22decembar.edu.rs/"},{"@type":"ListItem","position":2,"name":"Histoire de l&#8217;école"}]},{"@type":"WebSite","@id":"https://os22decembar.edu.rs/#website","url":"https://os22decembar.edu.rs/","name":"ОШ „22. децембар&quot;","description":"Доња Трепча","publisher":{"@id":"https://os22decembar.edu.rs/#organization"},"potentialAction":[{"@type":"SearchAction","target":{"@type":"EntryPoint","urlTemplate":"https://os22decembar.edu.rs/?s={search_term_string}"},"query-input":{"@type":"PropertyValueSpecification","valueRequired":true,"valueName":"search_term_string"}}],"inLanguage":"sr-RS"},{"@type":"Organization","@id":"https://os22decembar.edu.rs/#organization","name":"ОШ 22. децембар","url":"https://os22decembar.edu.rs/","logo":{"@type":"ImageObject","inLanguage":"sr-RS","@id":"https://os22decembar.edu.rs/#/schema/logo/image/","url":"http://os22decembar.edu.rs/wp-content/uploads/2022/05/logo2-copy.jpg","contentUrl":"http://os22decembar.edu.rs/wp-content/uploads/2022/05/logo2-copy.jpg","width":404,"height":122,"caption":"ОШ 22. децембар"},"image":{"@id":"https://os22decembar.edu.rs/#/schema/logo/image/"}}]}</script>
<!-- / Yoast SEO plugin. -->

Histoire de l'école - ОШ „22. децембар&quot;

Donja Trepča est situé dans la valée de Morava d&#8217;ouest, sur les pentes des monts Vujan, Bukovik et Ostrica à lointain de 14 kilomètres de Čačak. La colonisation de ce terrain commençait à XVIIIe siècle. Jusqu&#8217; à 1897. les parents qui désiraient faire étudier leurs enfants, devaient les inscrire à l&#8217;école à Mojsinje, parce que&hellip;

ОШ „22. децембар&quot;

1 минут

Почетна

Доња Трепча

ОШ 22. децембар
